
Let u(c) = -c**2 + 4*c + 12. Calculate u(8).
-20
Let q(i) = -129*i - 108. Give q(-1).
21
Let y(a) = -9*a**3 + 139*a**2 - 52*a - 11. Calculate y(15).
109
Let z(u) = 4*u**2 - 36*u - 33. Calculate z(22).
1111
Let t(o) = 29*o + 3945. Determine t(-137).
-28
Let c(p) = 2*p**2 + 70*p + 507. What is c(-10)?
7
Let o(x) = -13*x**3 - 3*x - 2. Determine o(-1).
14
Let o(y) = -2*y**2 - 198*y + 18. What is o(-99)?
18
Let x(j) = 339*j - 107. Determine x(2).
571
Let i(c) = c**3 - 7*c**2 - 10*c + 37. What is i(6)?
-59
Let c(g) = -g**3 + 8*g**2 + 29*g - 19. Determine c(-3).
-7
Let t(r) = r**3 + 15*r**2 - 57*r - 11. Determine t(-18).
43
Let c(t) = -t**2 + 11*t + 11. Give c(14).
-31
Let u(o) = 8*o - 58. Calculate u(-9).
-130
Let n(j) = -2*j**3 - 71*j**2 - 54*j - 78. Calculate n(-35).
587
Let a(t) = -27*t + 180. Calculate a(15).
-225
Let r(f) = -7*f**2 - 1408*f + 8710. Determine r(6).
10
Let h(p) = -6*p**2 + 62*p + 43. Calculate h(11).
-1
Let o(p) = 85*p + 2129. Determine o(-25).
4
Let s(b) = -b**3 + 82*b**2 + 87*b - 332. Determine s(83).
0
Let j(i) = -i**2 + 44*i + 712. Calculate j(48).
520
Let l(r) = 5*r**2 + 46*r - 77. Determine l(4).
187
Let z(q) = q**3 + q**2 + 2*q + 5. Give z(-3).
-19
Let w(o) = o**2 + 40*o + 653. What is w(-22)?
257
Let y(x) = x**3 - 29*x**2 + 72*x + 158. What is y(26)?
2
Let z(l) = -5*l**3 - 29*l**2 + 36*l + 12. What is z(-7)?
54
Let f(b) = 6*b**2 - 104*b + 442. Determine f(7).
8
Let b(p) = -823*p + 7257. Calculate b(9).
-150
Let m(f) = f**2 + 281*f - 2011. Calculate m(7).
5
Let s(j) = j**2 - 380. Give s(-31).
581
Let g(w) = 29*w - 1263. Calculate g(44).
13
Let d(z) = 54*z**3 - 324*z**2 - 11. Calculate d(6).
-11
Let s(a) = 5*a**2 - 824*a + 3054. What is s(161)?
-5
Let u(k) = 675*k + 1300. What is u(-2)?
-50
Let q(t) = -t**2 + t + 62. What is q(12)?
-70
Let w(t) = -488*t + 12209. What is w(25)?
9
Let t(w) = 2*w**3 + 7*w**2 - 107*w - 2. Calculate t(-9).
70
Let l(m) = -m**2 - 35*m + 776. Give l(-50).
26
Let p(q) = -314*q - 8802. Determine p(-28).
-10
Let l(v) = 12*v - 268. Give l(22).
-4
Let u(m) = 77*m + 675. Give u(-9).
-18
Let n(h) = h**3 - 21*h**2 + 78*h + 30. Give n(16).
-2
Let n(v) = -2*v**2 - 24*v + 3476. Determine n(36).
20
Let u(z) = -z**2 + 51*z - 613. Determine u(19).
-5
Let t(d) = -12*d**3 - 100*d**2 - 33*d - 14. Determine t(-8).
-6
Let y(t) = -1372*t - 26047. What is y(-19)?
21
Let o(f) = 3*f**3 - 69*f**2 - 147*f + 3371. Determine o(23).
-10
Let i(f) = 2*f**3 - 98*f**2 - 409*f - 786. Determine i(53).
9
Let t(c) = 77*c + 2695. Calculate t(-35).
0
Let z(d) = -772*d - 12341. Determine z(-16).
11
Let b(j) = 41*j**2 + 248*j + 20. Determine b(-6).
8
Let f(r) = -24*r**2 + 7*r - 7. Give f(4).
-363
Let r(c) = c**3 - 60*c**2 + 881*c - 57458. What is r(61)?
4
Let p(a) = -1093*a + 19682. Give p(18).
8
Let u(h) = h**3 + h**2 + 2*h - 46. Determine u(5).
114
Let t(l) = -l**3 - 9*l**2 - 49*l - 47. Determine t(-8).
281
Let m(w) = -1920*w - 19199. Calculate m(-10).
1
Let i(v) = -275*v + 7723. Give i(28).
23
Let r(i) = 3*i**3 + 165*i**2 + 6*i + 333. Determine r(-55).
3
Let i(v) = 7*v**2 + 18*v - 210. Give i(7).
259
Let r(g) = -g**2 + 39*g - 370. Determine r(29).
-80
Let f(i) = -i**3 + 15*i**2 - 23*i + 8. What is f(12)?
164
Let x(g) = -2*g**2 + 384*g - 4578. Calculate x(13).
76
Let p(o) = -6*o - 481. What is p(-55)?
-151
Let b(t) = -8*t**2 - 122*t - 121. Calculate b(-1).
-7
Let j(h) = 45*h - 220. What is j(6)?
50
Let l(w) = -2*w**3 - 64*w**2 - 18*w + 869. Give l(-31).
-495
Let w(f) = -33*f**2 - 2115*f - 162. What is w(-64)?
30
Let z(t) = 64*t + 357. Determine z(0).
357
Let z(a) = -a**3 - 6*a**2 - 3*a - 41. Give z(5).
-331
Let z(b) = -b**3 - 3*b**2 + 49*b - 15. Give z(5).
30
Let f(j) = 3*j**2 - 14*j + 84. Calculate f(8).
164
Let b(c) = 8*c**2 - 115*c + 115. Determine b(1).
8
Let u(q) = 239*q + 974. Calculate u(-4).
18
Let x(s) = -s**2 - 6001*s + 42063. What is x(7)?
7
Let l(t) = -15*t + 255. Calculate l(33).
-240
Let r(b) = b**2 - 1046*b - 206. Give r(0).
-206
Let v(r) = 60*r + 9450. What is v(-157)?
30
Let g(w) = -385*w - 1716. Determine g(-4).
-176
Let o(b) = 6*b**2 - 10*b - 21. Determine o(-2).
23
Let x(w) = -w**3 + 3*w**2 - 3*w - 8. Give x(-4).
116
Let t(k) = 16026*k + 48086. Calculate t(-3).
8
Let g(s) = -2*s**3 + 131*s**2 + 76*s - 665. What is g(66)?
-5
Let m(d) = d**3 + 20*d**2 - 33*d + 50. What is m(-22)?
-192
Let h(c) = -80*c + 6976. What is h(89)?
-144
Let a(g) = 95*g + 4752. Calculate a(-50).
2
Let g(a) = -a**3 - 7*a**2 - 17*a + 1. Determine g(-7).
120
Let r(v) = -13*v + 551. What is r(43)?
-8
Let k(m) = m**2 + 20*m - 325. Determine k(-11).
-424
Let t(p) = -21*p + 80. Calculate t(17).
-277
Let x(w) = w**2 + 38*w + 482. Determine x(-33).
317
Let h(a) = -a**2 + 525*a - 10585. Determine h(21).
-1
Let v(t) = 3*t**3 - 10*t**2 + 14*t + 2. Calculate v(2).
14
Let n(b) = 68*b - 347. Calculate n(4).
-75
Let y(v) = -13*v + 482. Calculate y(34).
40
Let i(c) = 20*c + 296. Determine i(-23).
-164
Let f(n) = n**3 - 24*n**2 + 43*n - 101. What is f(22)?
-123
Let m(d) = d**3 - 92*d**2 + d - 89. Give m(92).
3
Let o(g) = -139*g + 976. What is o(7)?
3
Let s(t) = -t**3 + 21*t**2 - t + 4. What is s(21)?
-17
Let n(c) = -2*c**3 + 8*c**2 + 4*c + 29. Give n(5).
-1
Let q(a) = -33*a + 693. Determine q(19).
66
Let r(w) = 20*w - 118. Give r(15).
182
Let p(j) = -29*j + 3271. Give p(113).
-6
Let i(c) = 84*c**2 + 589*c + 6. Determine i(-7).
-1
Let g(m) = m**3 + 12*m**2 - 52*m - 305. Calculate g(-14).
31
Let o(z) = 177*z + 241. Give o(-4).
-467
Let r(y) = y**2 + 28*y - 320. Give r(-43).
325
Let m(n) = 37*n + 74. What is m(-3)?
-37
Let r(z) = 10*z + 70. What is r(-8)?
-10
Let a(j) = -j**2 + 32*j. Determine a(32).
0
Let f(s) = -2*s**2 - 1437*s - 12778. Calculate f(-9).
-7
Let t(c) = -4394*c + 426211. What is t(97)?
-7
Let c(i) = -2*i**3 - 41*i**2 - 88*i + 34. Calculate c(-18).
-2
Let r(y) = -28*y - 1910. What is r(-64)?
-118
Let r(d) = -d**3 - 23*d**2 - 60*d - 40. Give r(-20).
-40
Let o(m) = 2*m**3 + 41*m**2 - 67*m - 47. Give o(-22).
-25
Let v(l) = 198*l - 1384. Calculate v(7).
2
Let c(g) = 7*g**2 - 59*g + 388. What is c(11)?
586
Let o(j) = -9*j**3 - 26*j**2 - 8*j - 6. What is o(-3)?
27
Let h(c) = 33*c - 92. Calculate h(4).
40
Let s(m) = -18*m**2 - 33*m + 33. Determine s(-3).
-30
Let o(c) = c**3 - 53*c**2 + 61*c - 463. Calculate o(52).
5
Let r(c) = c**3 - 5*c**2 - 230*c - 80. Determine r(18).
-8
Let v(x) = -34*x - 594. What is v(-11)?
-220
Let z(a) = 8*a - 7. What is z(-9)?
-79
Let i(j) = 2384*j + 100134. Calculate i(-42).
6
Let y(c) = c**3 - 22*c**2 - 303*c + 5704. What is y(25)?
4
Let u(x) = 21*x - 494. What is u(23)?
-11
Let c(m) = -3631*m + 43592. Give c(12).
20
Let j(w) = 2*w**2 - 138*w - 1007. What is j(-7)?
57
Let i(b) = b**3 + 31*b**2 - 366*b + 1802. Determine i(-41).
-2
Let i(s) = s**2 + 469*s + 32351. Calculate i(-84).
11
Let l(f) = f**3 - 140*f**2 - 282*f - 250. Give l(142).
34
Let g(c) = c**3 - 8*c**2 + 12*c - 28. What is g(6)?
-28
Let g(a) = -35*a. Give g(2).
-70
Let b(j) = -12*j**3 - 122*j**2 - 14*j + 13. Determine b(-10).
-47
Let j(p) = -p**3 - 11*p**2 + 21*p + 37. Give j(-12).
-71
Let o(v) = -63404*v + 126809. What is o(2)?
1
Let c(r) = 32*r**2 + 155*r - 9. Give c(-6).
213
Let f(y) = 37*y + 408. Determine f(-13).
-73
Let t(a) = a**2 - 27*a + 215. Calculate t(11).
39
Let c(v) = v**3 - 20*v**2 + 46*v + 6. Determine c(17).
-79
Let o(d) = -d**3 - 78*d**2 + 495*d - 763. Determine o(-84).
-7
Let s(c) = 323*c - 17753. Give s(55).
12
Let z(t) = t**3 + 3*t**2 + 88*t + 275. What is z(-3)?
11
Let k(x) = x**3 - 25*x**2 - 157*x + 222. Determine k(30).
12
Let p(i) = -10*i**3 + 5*i**2 - 2*i + 8. Give p(-3).
329
Let l(o) = -29*o - 241. What is l(-10)?
49
Let n(j) = -10*j - 432. Calculate n(-22).
-212
Let i(u) = 34*u + 15. What is i(-9)?
-291
Let w(x) = x**3 + 242*x**2 + 14280*x + 4. Calculate w(-102).
4
Let y(g) = -43*g**2 + 28*g + 3. Calculate y(1).
-12
Let n(c) = 35*c + 1230. Give n(-36).
-30
Let k(u) = -u**2 - 49. Calculate k(0).
-49
Let f(p) = -p**3 + 38*p**2 + 5*p - 179. Determine f(38).
11
Let v(q) = -3*q**2 - 124*q + 2821. What is v(16)?
69
Let o(l) = -3*l**2 - 7*l. Give o(-3).
-6
Let i(q) = -q**3 + 76*q**2 + 1062*q - 525. Give i(88).
3
Let b(r) = 2*r**3 + 9*r**2 - 461*r - 15. Determine b(13).
-93
Let g(a) = -2*a**3 + 33*a**2 + 82*a + 97. Give g(19).
-150
Let m(t) 